mber?
True
Suppose 7*x - 8 = 15*x. Is (15/(-9) - x)/(2/(-1371)) prime?
True
Let f(x) = -x**2 - x - 4. Let p be f(0). Let y = -4 - p. Suppose -2*i = 10, y = -5*c + 4*i - i + 340. Is c a prime number?
False
Suppose 4*y = -t - 3*t + 25404, 4*y = 16. Is t a prime number?
False
Let p be (-58)/(-7) - 4/14. Let f(o) = o - 6. Let h be f(p). Suppose -h*b = -24 - 214. Is b a composite number?
True
Let d be 465*((0 - -1) + 0). Let u = -235 + d. Is -2*(u/(-4))/1 composite?
True
Let j(v) = 9*v**3 + 22*v**2 - 22*v + 64. Is j(9) prime?
True
Suppose -12 = 3*l - 0. Is (2 + 1199 - -4) + l a composite number?
False
Let h(q) = 3*q**2 + 9*q + 1. Suppose 2*y - 2*n - 16 = 0, -3 = -2*y + 3*n + 18. Let f be -10*(0 + -1) - y. Is h(f) a composite number?
False
Suppose 0 = -2*h + 3*y - 795, -3*h + 78 - 1288 = -y. Let n be (9/5 + -3)/(9/(-4440)). Let k = h + n. Is k a composite number?
True
Let o be 3/9 + -1 - (-2)/(-6). Let q(l) = -2 + 3*l**2 - 1338*l**3 - 5*l**2 + 3. Is q(o) composite?
True
Let f = -3194 - -10029. Is f a composite number?
True
Let s be (9/15)/((-2)/(-10)). Suppose -v = s*d + 63, -3*v - 4*d = -5*v - 136. Let y = v - -113. Is y a prime number?
True
Let p be (-10)/(-15) - 872/(-6). Let y = p - 3. Is y composite?
True
Let f be 3 + 0 + -4 + 0. Let u be f + -3 - (3 - 10). Suppose 0 = 4*l + q - 5*q - 148, -u*q + 201 = 5*l. Is l prime?
False
Let z(c) = 7862*c - 129. Is z(4) composite?
False
Let z = 83 - 79. Suppose -v = 1, -23 = w + z*v - 400. Is w a composite number?
True
Let d = -35 + 950. Suppose 8*q - d = 3*q. Is q a prime number?
False
Suppose -32 = 3*d - d - 5*w, w + 20 = -4*d. Let z be ((-3)/d)/((-2)/1124). Let x = z - -472. Is x composite?
False
Let u = 1300 - -30622. Suppose u = 7*p + 4321. Is p a composite number?
False
Suppose 0 = -i + g + 1 - 3, 4*i - 5*g + 8 = 0. Is 4/14 + ((-766)/7)/i composite?
True
Let p(n) = -4*n**2 - 33 - 6*n**2 - 5*n**2 - n**3 + 11*n + 5*n**2. Is p(-13) prime?
True
Is 337170/(-12)*((-11)/(-5) - 3) a composite number?
True
Suppose 4*u = -158 - 38. Let c = -80 - u. Let s = c - -108. Is s a prime number?
False
Suppose -3*n + 2*b + 32 = -0*b, -5*n + 52 = -4*b. Let z(j) = -12*j**2 + 9*j + 3. Let k be z(n). Is k/(-9) + (-4)/6 a composite number?
False
Let y be 38102/(-5)*5/(-2). Suppose 2*r - 3*r + y = 3*z, 0 = -2*r + 8. Is z a composite number?
True
Let y(h) = 9 + 467*h + 38 - 14 + 19. Is y(11) a composite number?
False
Let u(d) = 24*d**2 + 2*d + 3. Let g be u(-1). Suppose 0 = 3*t - g - 8. Is t a composite number?
False
Let u(h) = -h**3 + 32*h**2 + 31*h + 9. Is u(17) composite?
False
Let x be (-16263)/6*(-4)/6. Let v = -1020 + x. Is v prime?
True
Suppose 2800 = i - 2*m, -i - 4*m + 2803 = -9*m. Is i prime?
False
Let t(u) = -u**3 - 18*u**2 + 20*u + 18. Let n be t(-19). Is (n - -3 - -48) + 3 - 2 a composite number?
True
Let y = -8 - -5. Let c(i) = -33*i + 4. Is c(y) composite?
False
Suppose 4*q + 152 = w + w, 0 = -w + 2. Let b = q - -39. Is b composite?
False
Let a(x) = -211*x - 5. Let s be a(-2). Suppose -3*c = -15, -4*c = -4*v - s + 1665. Is v composite?
False
Suppose 6*r = 2*r + 12. Let w(a) = 19 - 4*a - r*a - 1 - 7. Is w(-6) a prime number?
True
Let n = -32 + 56. Is 44/(-242) + n*178/22 a composite number?
True
Let z(n) = n**3 - 8*n**2 - n + 6. Let q be z(8). Let g be (5/q - -2)*-96. Suppose 0 = 5*h + u - g, -5*h - 2*u = -39 - 7. Is h prime?
False
Let g = -2611 + 4050. Is g composite?
False
Suppose -2*i = 5*c - 3086, -2*i + 1473 = 4*c - 1613. Is i prime?
True
Let t(k) = 5*k**2 + 5*k - 7. Let a be (2/4)/((-3)/(-36)). Let c(b) = -4*b**2 - 4*b + 7. Let o(v) = a*t(v) + 7*c(v). Is o(-5) a prime number?
True
Let t(l) = -21*l - 5. Let w = -6 + 10. Let u be (-64)/12 + w/(-6). Is t(u) prime?
False
Let j be (6/(-6))/(2/(-38)). Let v(h) = -h**3 - 25 - 10 + 3*h**3 - h**3 + 3*h + j*h**2. Is v(-16) a prime number?
False
Let m = -174 + 59. Let i = -72 - m. Let b = i + 91. Is b a composite number?
True
Let t(p) = -p**2 + 4*p - 3. Let q(g) = -g - 6. Let y be q(-9). Let l be t(y). Suppose -m + 77 + 108 = l. Is m composite?
True
Suppose 332*y = 336*y - 313008. Suppose u = 13*u - y. Is u a composite number?
False
Let w(s) = -s**3 - 14*s**2 - 25*s - 8. Let a be w(-12). Is (-4)/((-64)/a)*2612 a prime number?
True
Suppose c + 590 = 11*c. Suppose 0 = -k - 2*w + 14, 3 = 2*w - 7. Suppose -q + c = 2*r - 0*q, -k*r = 4*q - 112. Is r composite?
False
Let y be 312 - (-3 + 6 - 3). Let c = y - -70. Is c a prime number?
False
Let h(f) = f**2 - 6*f - 14. Let k(j) = -j**2 - 9*j - 20. Let c be k(-7). Is h(c) a prime number?
False
Suppose 306557 - 81915 = 22*r. Is r a composite number?
False
Let z = -1990 + 5583. Is z a composite number?
False
Suppose 18*a = -a + 634619. Is a a prime number?
False
Suppose -o - 1 = q - 4, -o = -3. Suppose q*d = 7*d - 266. Is d prime?
False
Suppose -9246 = -35*a + 29*a. Is a composite?
True
Let k = -29 + 34. Let g be 3/((-45)/(-12))*k. Is 218/g - 5/(-10) a composite number?
True
Suppose -4*n - 2*n = -2370. Is n composite?
True
Suppose 6*q - 3*q + 489 = 0. Let b = q + 752. Is b composite?
True
Let r(b) = 14*b**2 + 2*b - 6. Let q(o) = 15*o**2 + o - 7. Let l(k) = -3*q(k) + 4*r(k). Let g(u) be the first derivative of l(u). Is g(4) composite?
True
Let p = -3298 - -23699. Is p a prime number?
False
Let c be 7 - (-12)/(-3 + -1). Suppose -5*t + c*t + 40 = -4*q, 33 = -5*q - 3*t. Let x(l) = l**3 + 12*l**2 - l + 13. Is x(q) prime?
False
Let t(k) = 19*k**3 - 12*k**2 + 10*k - 37. Is t(10) a prime number?
True
Suppose -r = 5*h - 12, -r = -0*h - 2*h + 2. Suppose 0 = -3*b + h + 13. Suppose 0 = b*g + 85 - 500. Is g prime?
True
Is 973 + -5 + 1 - 2 a composite number?
False
Suppose -4*o + 402 + 193 = m, 4*m = o - 153. Let j = o + -55. Is (j/2)/1*1 prime?
True
Let o = 1228 + 432. Let a = o + -826. Suppose -z + 209 = -a. Is z a prime number?
False
Is 51638/2*(-59 - -60) prime?
True
Suppose 14*x + 8 = 16*x. Suppose q = l - 2*q + 13, -21 = -3*l - 3*q. Suppose -l*a - 11 = h - 153, -4*h + 568 = x*a. Is h a prime number?
False
Let x = -10282 + 15533. Suppose 0 = 5*a + 1906 - x. Is a prime?
False
Let d(w) = -w**3 - 7*w**2 - 13*w - 12. Let q be d(-5). Suppose -2*t + 769 = q*a, 6*t - 25 = t. Is a a composite number?
True
Let r(q) = -8*q + 15*q**2 + 25 - 18 + 31*q**2. Is r(-7) composite?
True
Let m = 6986 - -10571. Is m a composite number?
True
Let u(h) = 5*h**2 - 107*h - 14. Let s(z) = -2*z**2 + 36*z + 5. Let o(j) = -11*s(j) - 4*u(j). Is o(4) prime?
False
Let l = 56 - 44. Suppose l*t - 1325 = 7*t. Is t a composite number?
True
Suppose -4*g - 6 = -2*d, g + 3 = -0*g. Is 1/d*(-19860)/(-20)*-1 prime?
True
Let d = 19 - 15. Suppose d*o - 1768 = -4*l, 3*o - o - 883 = -3*l. Is o a prime number?
True
Is (-1)/(-1)*8/16*7666 a composite number?
False
Let f be (-194)/4 + 1/(-2). Let u be (40272/(-20))/(-12) + (-2)/(-10). Let k = f + u. Is k prime?
False
Let o be (-3 - 24)/(6/(-1988)). Suppose -811 = -11*z + o. Is z a prime number?
True
Suppose -2*x + 49467 = l, 4*l = -74*x + 75*x - 24729. Is x a prime number?
True
Let r = 4 + -11. Let q(v) = -5 - 4 + 2 - 49*v - 1. Is q(r) prime?
False
Let u(b) = 407*b - 30. Let r be u(16). Suppose -11*q + r = -3495. Is q a prime number?
True
Let l(y) = -14*y**3 + 5*y**2 + 10*y - 11. Let s be l(-6). Suppose 5*z - 1402 = s. Is z composite?
False
Let a(w) = w**3 + 29*w**2 + 52*w + 19. Let c be a(-27). Suppose -b - l = -3*l + 3, b + 3*l - 17 = 0. Suppose b*u - 42 = c. Is u a composite number?
False
Suppose 8*c - 13*c = 20. Is 446/(3 + c - -3) a composite number?
False
Let g(p) = p**3 + 9*p**2 + 2*p - 11. Suppose -37*o - 24 = -33*o. Is g(o) a prime number?
False
Let b = -32676 - -82181. Is b a prime number?
False
Let f be 2/(-7) + (-596)/(-28). Suppose -2*t - 8 = 0, 3*n - 3*t = -0*n - f. Is 1/((-12)/n + -1) composite?
False
Suppose -47046 = -7*j + j. Is j prime?
True
Suppose 4*c + 92*j - 88*j = 80888, 4*c + 3*j = 80885. Is c a composite number?
False
Let q(s) be the second derivative of -49*s**5/40 + s**4/12 - s**3 + 4*s. Let i(c) be the second derivative of q(c). Is i(-1) a prime number?
True
Let n(y) = 3*y**3 + 12*y**2 + 76*y + 20. Is n(23) a prime number?
True
Suppose 2*z - 10 = 8. Let b(q) = -2 + 15*q - 3*q - 9. Is b(z) composite?
False
Let l(d) = d**2 - 6*d + 5. Let f be l(5). Suppose -2*o = 2*o - 3*s + 11, f = -4*o - 2*s - 6. Is (o + 28